
What are the prime factors of 7215726864?
2, 3, 150327643
List the prime factors of 52743441.
3, 17581147
What are the prime factors of 3235481804?
2, 19, 233, 182713
List the prime factors of 337473310.
2, 5, 33747331
What are the prime factors of 322463141?
7, 11, 13, 61, 5281
List the prime factors of 275665215.
3, 5, 7, 281, 9343
List the prime factors of 44889527.
1319, 34033
List the prime factors of 1670590499.
20681, 80779
What are the prime factors of 61582016?
2, 83, 11593
List the prime factors of 9497318.
2, 311, 15269
What are the prime factors of 3326782794?
2, 3, 31, 17885929
List the prime factors of 46048534.
2, 7, 61, 7703
What are the prime factors of 292207212?
2, 3, 11, 737897
List the prime factors of 1018886725.
5, 29, 1405361
What are the prime factors of 1085822603?
1085822603
What are the prime factors of 2180381057?
44269, 49253
List the prime factors of 143894450.
2, 5, 7, 411127
What are the prime factors of 1412139380?
2, 5, 70606969
What are the prime factors of 822895714?
2, 739, 556763
What are the prime factors of 268891181?
13, 20683937
List the prime factors of 10609011.
3, 7, 19, 8863
List the prime factors of 59569306.
2, 29, 61, 113, 149
What are the prime factors of 534319167?
3, 178106389
What are the prime factors of 324600265?
5, 11, 23, 137, 1873
List the prime factors of 69855367.
69855367
What are the prime factors of 320371753?
13, 281, 87701
List the prime factors of 537201893.
199, 2699507
What are the prime factors of 1081371498?
2, 3, 180228583
List the prime factors of 1005241966.
2, 502620983
List the prime factors of 95325387.
3, 317, 100237
What are the prime factors of 480864699?
3, 7, 727, 10499
List the prime factors of 32386090.
2, 5, 11, 227, 1297
List the prime factors of 1750499127.
3, 13, 19, 61, 331
List the prime factors of 131386289.
131386289
What are the prime factors of 942594599?
942594599
What are the prime factors of 608252116?
2, 31, 4905259
What are the prime factors of 18110456?
2, 7, 13, 24877
List the prime factors of 170448981.
3, 19, 2990333
List the prime factors of 614850625.
5, 67, 14683
List the prime factors of 441401697.
3, 11, 347, 4283
What are the prime factors of 80477230?
2, 5, 23, 131, 2671
What are the prime factors of 2622369120?
2, 3, 5, 7, 757, 1031
What are the prime factors of 51244660?
2, 5, 2562233
What are the prime factors of 320670708?
2, 3, 131, 203989
What are the prime factors of 4294531413?
3, 101, 173, 9103
List the prime factors of 18040268.
2, 4510067
What are the prime factors of 134585951?
134585951
List the prime factors of 115563313.
115563313
List the prime factors of 52510939.
13, 163, 24781
List the prime factors of 45341526.
2, 3, 101, 74821
List the prime factors of 168827291.
23, 7340317
What are the prime factors of 19312624?
2, 1207039
List the prime factors of 201836543.
163, 659, 1879
What are the prime factors of 454689685?
5, 109, 613, 1361
List the prime factors of 4948722.
2, 3, 113, 811
What are the prime factors of 4088806188?
2, 3, 43, 7924043
List the prime factors of 2544011758.
2, 1272005879
What are the prime factors of 529815451?
11, 31, 1553711
List the prime factors of 1867453029.
3, 13, 113, 197, 239
What are the prime factors of 80811594?
2, 3, 257, 647
What are the prime factors of 96051741?
3, 29, 37, 53, 563
What are the prime factors of 2068104683?
2068104683
What are the prime factors of 13326011?
17, 19, 41257
What are the prime factors of 86829548?
2, 13, 1669799
List the prime factors of 35868294.
2, 3, 7, 11, 3697
What are the prime factors of 10254653?
10254653
List the prime factors of 1091884811.
61, 479, 37369
List the prime factors of 83222458.
2, 11, 43, 87973
What are the prime factors of 500470577?
500470577
List the prime factors of 805277476.
2, 201319369
What are the prime factors of 77699964?
2, 3, 349, 18553
What are the prime factors of 129810623?
17, 61, 151, 829
List the prime factors of 27599402.
2, 23, 73, 8219
List the prime factors of 218219610.
2, 3, 5, 7, 431, 2411
What are the prime factors of 3647908152?
2, 3, 7, 103, 70271
What are the prime factors of 50242772?
2, 61, 205913
What are the prime factors of 55761279?
3, 7, 269, 9871
List the prime factors of 49304799.
3, 5478311
What are the prime factors of 49913818?
2, 23, 569, 1907
What are the prime factors of 3050340456?
2, 3, 199, 229, 2789
What are the prime factors of 2914640184?
2, 3, 121443341
List the prime factors of 81800571.
3, 53, 499, 1031
What are the prime factors of 370961232?
2, 3, 7728359
List the prime factors of 204663487.
7, 29237641
What are the prime factors of 19458790?
2, 5, 13, 43, 59
List the prime factors of 3248437.
3248437
What are the prime factors of 31514576?
2, 1969661
What are the prime factors of 1558007153?
1558007153
List the prime factors of 1426396694.
2, 37, 520963
What are the prime factors of 2123405588?
2, 530851397
What are the prime factors of 437986489?
437986489
List the prime factors of 295211399.
7, 42173057
List the prime factors of 15103447.
15103447
What are the prime factors of 215168673?
3, 19, 3774889
List the prime factors of 110806772.
2, 31, 893603
List the prime factors of 156569237.
11, 37, 384691
List the prime factors of 278459255.
5, 47, 1184933
What are the prime factors of 1691918632?
2, 211489829
What are the prime factors of 15948233?
7, 71, 32089
What are the prime factors of 635457696?
2, 3, 181, 36571
What are the prime factors of 144898830?
2, 3, 5, 283, 5689
List the prime factors of 16269192.
2, 3, 225961
What are the prime factors of 250489429?
250489429
What are the prime factors of 53914654?
2, 29, 683, 1361
List the prime factors of 119508681.
3, 29, 641, 2143
List the prime factors of 4140173643.
3, 1380057881
List the prime factors of 1138855276.
2, 13, 149, 146987
What are the prime factors of 846351729?
3, 94039081
List the prime factors of 662075740.
2, 5, 33103787
What are the prime factors of 228194551?
13, 17553427
List the prime factors of 407710839.
3, 135903613
List the prime factors of 25084952.
2, 31, 101149
List the prime factors of 16809086.
2, 7, 233, 5153
What are the prime factors of 12511441?
29, 431429
What are the prime factors of 348921511?
348921511
What are the prime factors of 303117449?
43, 683, 10321
What are the prime factors of 122704089?
3, 4019, 10177
List the prime factors of 4682877.
3, 73, 21383
What are the prime factors of 4323102242?
2, 2161551121
What are the prime factors of 1402759056?
2, 3, 19, 53, 29021
What are the prime factors of 1903426475?
5, 76137059
List the prime factors of 113628003.
3, 29, 1306069
What are the prime factors of 27531931?
7, 19, 137, 1511
What are the prime factors of 2679129909?
3, 17, 421, 41593
What are the prime factors of 116358403?
7, 23, 722723
List the prime factors of 33004507.
33004507
List the prime factors of 3340901220.
2, 3, 5, 3361, 16567
List the prime factors of 13756486.
2, 1249, 5507
What are the prime factors of 4474523770?
2, 5, 131, 1259, 2713
What are the prime factors of 1235059297?
37, 33379981
List the prime factors of 710950753.
710950753
What are the prime factors of 3423310147?
439, 613, 12721
List the prime factors of 1912942211.
19, 431, 233599
List the prime factors of 1472560101.
3, 2441, 22343
What are the prime factors of 60614759?
71, 401, 2129
What are the prime factors of 362603570?
2, 5, 7, 5180051
List the prime factors of 417956214.
2, 3, 13, 41, 130693
List the prime factors of 493809203.
493809203
List the prime factors of 112463842.
2, 56231921
What are the prime factors of 751377124?
2, 29, 1669, 3881
List the prime factors of 183515567.
29, 31, 204133
What are the prime factors of 79415629?
431, 184259
List the prime factors of 3296663348.
2, 11, 331, 226357
List the prime factors of 420370807.
9161, 45887
What are the prime factors of 1658982021?
3, 552994007
What are the prime factors of 1458429255?
3, 5, 31, 1045469
What are the prime factors of 3739571534?
2, 257, 7275431
List the prime factors of 978717848.
2, 47, 2602973
What are the prime factors of 2821025380?
2, 5, 19, 7423751
List the prime factors of 472673513.
13, 36359501
What are the prime factors of 8096065683?
3, 2698688561
List the prime factors of 1990041504.
2,